+ 9 = j - 0*j. Give f(q).
-1
Let b(u) = 3*u + 8. Let j be b(-4). Let a(x) = -2*x**3 - 2*x - 16 - 10 + 23 + 3*x**2 + 3*x**3. Give a(j).
-11
Let n = -4 + -1. Let f(v) be the second derivative of v**4/12 + v**3 + v**2 + 2*v. Determine f(n).
-3
Let a(z) = -z**2 + 5*z + 3. Let w be a(5). Let f(c) = -2*c**2 + 4*c - 1. What is f(w)?
-7
Let d = 13 - -1. Suppose 0*f = -2*f - d. Let m = f - -12. Let z(k) = -k**2 + 7*k. What is z(m)?
10
Let k(z) = -z**2 + 7*z - 5. Let q be 64/(-20)*(-15)/6. Let n = q - 2. Give k(n).
1
Let u = 12 + -8. Let j(l) = l**3 - 4*l**2 - l - 1. Determine j(u).
-5
Let q(g) = -2*g**2 - 3*g + 3. Let s(c) = -c**3 + 6*c**2 - c + 6. Let o be s(6). Suppose r + 3 = o, 2*d = -3*r - 1 - 14. What is q(d)?
-6
Let t(d) be the first derivative of 0*d - 1/3*d**3 - 1/2*d**2 + 1/4*d**4 + 5. Calculate t(1).
-1
Suppose -5*m + 5*g - 10 = 0, -4 = -m + 5*g + 2. Let q(r) = -4*r**2 - 6*r. Let b = 1 + 2. Let x(t) = -7*t**2 - 11*t - 1. Let u(a) = b*x(a) - 5*q(a). Give u(m).
-7
Let y(o) = -o**3 + 6*o**2 + o - 1. Let c be y(6). Suppose -l + c*l = 8. Suppose 0 = 4*v - 2*g + 4, v + l*v + 8 = -g. Let n(r) = r**2 + 3*r + 3. What is n(v)?
1
Let q(l) = -l**2 - 5*l + 6. Let k(m) = m**3 + 2*m**2 + 3. Let u be k(-3). Let g be q(u). Let n(h) = h - 3. Calculate n(g).
-3
Let r(h) = 11*h**2 + 22*h - 22. Let f(o) = o**2 + o - 1. Let m(x) = -22*f(x) + r(x). Suppose 2*b + 25 - 9 = 0. Let s be 2/8 - (-10)/b. Determine m(s).
-11
Let w(q) = -q**2 + 7*q - 4. Let b(a) be the third derivative of a**6/60 - a**5/30 - a**4/12 - 2*a**2. Let m be b(2). Calculate w(m).
8
Let b(n) = -7*n**3 + 6*n - 4*n - n**2 + 2 - 3. Let s(o) = o**3 - 8*o**2 - 9*o + 1. Let k be s(9). What is b(k)?
-7
Let n(y) = 4*y - 2. Let p be n(1). Let v(h) be the first derivative of -p + h - 1/3*h**3 + 0*h**2. What is v(0)?
1
Let s(j) = 41 - 88 + 41 + j. Calculate s(-5).
-11
Let d(i) = i**2 - 9*i + 9. Let j be d(9). Let y = 13 - j. Suppose -3*a = 5*l + 17, -l - 12 = -5*l + y*a. Let p(m) = -5*m**3 - 2*m**2 + 1. Calculate p(l).
4
Let c(s) = 6*s**3 + s**2 - s + 1. Let h(t) = t + 12. Let g be h(-11). Calculate c(g).
7
Let x(a) = 2*a**3 + a**2 - a. Let q(i) = -3*i**3 - i**2 + 2*i. Suppose -7 = 5*y - 32. Let f(c) = y*q(c) + 7*x(c). Give f(3).
0
Let g(f) = 13*f**2 + f**3 + 4 - 5*f**2 + 2*f**2 - 4*f - 7*f**2. What is g(-4)?
4
Let s(y) = 3*y - 1 + 2*y - 4*y. What is s(0)?
-1
Let k = 7 - 13. Let b = k + 5. Let g(o) = -3*o - 1 + o + 2. What is g(b)?
3
Let r(l) be the second derivative of 3*l + 1/12*l**4 + 0 + l**2 - 7/6*l**3. Let w be r(7). Let o(v) = 3*v**2 - 3*v + 3. What is o(w)?
9
Let l(r) = 8 - 10 + 1 + r. Let w(o) = 1. Let g(q) = q**2 - 5*q + 5. Let m(y) = -g(y) + 5*w(y). Let s be m(4). What is l(s)?
3
Let p(l) be the first derivative of l**4/4 + 4*l**3/3 - 3*l**2/2 + 3*l + 37. Determine p(-4).
15
Let s(t) = 15*t**3 + 17*t**2 + 9*t + 5. Let x(i) = -4*i**3 - 4*i**2 - 2*i - 1. Let k(p) = -2*s(p) - 9*x(p). Determine k(-1).
-5
Let u(b) = b**2 + 4*b - 4. Let v(s) = -s**3 + s**2 - 2*s + 3. Suppose 14 = 4*h + 3*m, -2*h + 3*m - 16 = -7*h. Let z be v(h). Calculate u(z).
1
Let c(b) = b - 3. Let o(r) be the first derivative of -2*r + 3. Let w(h) = -3*c(h) + 4*o(h). Let z = 1 - 2. Determine w(z).
4
Suppose 14 = -z + 39. Let w(i) = i**2 - 25 - i + z. Suppose 4*u - u - 4*v - 5 = 0, -v = -u + 1. Give w(u).
2
Suppose 2*j - 8 = -0*j. Let g = 0 + j. Let z(x) = 5*x - x**2 + 2 + 2*x**2 + 2*x**2 - g*x**2. What is z(5)?
2
Let r(a) = a**3 + 3*a**2 - 4*a - 5. Let b be r(-4). Let m(i) = -6*i - 3. Let p(v) = -11*v - 1 - 10 + 4. Let d(y) = 5*m(y) - 3*p(y). What is d(b)?
-9
Let q(j) be the third derivative of -j**4/24 - j**3 - 9*j**2. What is q(-4)?
-2
Let j be (-5 + 2)*(1 - 2). Let n(p) = 0 + j - 2 + p. Calculate n(-2).
-1
Let g(n) = -n - n + 1 - 1 - 1. Let j(o) = 12*o. Let f be j(1). Let x(a) = a**3 - 11*a**2 - 11*a - 15. Let p be x(f). Calculate g(p).
5
Let b(i) = -16*i**2 + i**3 + 8*i**2 + 7*i**2 - 1 + 0*i**3. Let t be -1*1 + (-3)/(-3). Determine b(t).
-1
Let d(s) = 14*s + 6. Let l(h) = h + 1. Let j(w) = -d(w) + 6*l(w). Suppose t + 0*t = -4*c - 21, -t + 24 = -5*c. Let a = t + 2. Give j(a).
-8
Let g(f) = -3*f**2 - 1. Suppose -p + 3*p = 5*u - 7, 0 = 3*p - 3*u + 6. Give g(p).
-4
Let a(o) = 2*o**2 - 3 + 6 - 2*o + 0*o - 4*o**2. Let b(h) = -h**2 - 3*h + 1. Let l be b(-4). Let k be 1 + 0 - l/3. Give a(k).
-9
Let c(b) = -3*b + 5. Suppose 4*g + 4 = 0, -4*u + 3*g + 27 = -0*u. Let t(q) = -q**3 - 6*q**2 - 4*q + 3. Let n be t(-5). Let s = n + u. Calculate c(s).
-7
Let s(i) = -i - 1. Let p(v) = -2*v + 2. Let f(b) = p(b) - 3*s(b). Determine f(-8).
-3
Let v(n) = n**2 + 3*n. Suppose -4*p - 2 = 6. What is v(p)?
-2
Let m be 1/4 + (-10)/8. Let z(x) = 1 + 35*x**3 + 0 + x - 24*x**3 - 22*x**3. What is z(m)?
11
Suppose 0 = -k - 2*m + 5*m + 8, -2*m - 28 = 5*k. Let i(y) = -y + 1. Determine i(k).
5
Let i(c) be the first derivative of c**3/3 - 3*c**2/2 + c + 4. Calculate i(3).
1
Let j(w) be the third derivative of w**5/20 - 3*w**4/8 - w**3/3 + 3*w**2. Let t = 0 - 8. Let d(g) = 4*g**2 - 14*g - 3. Let h(m) = t*j(m) + 5*d(m). Give h(-1).
-5
Let m(d) = 2*d - 1. Let l(v) = -v**2 - 4*v - 6. Let a(g) = -l(g) + m(g). What is a(-6)?
5
Suppose -o = -5*d + 19 - 5, 3*d - 2*o - 14 = 0. Let v = -8 + 12. Let r(s) = -2*s**2 + 4*s + 2*s - v*s + 2. Calculate r(d).
-2
Let w(p) be the third derivative of -p**9/30240 - p**8/6720 - p**7/5040 - p**6/360 - p**5/30 - p**2. Let x(g) be the third derivative of w(g). What is x(-2)?
4
Suppose 2*t = -38 - 16. Let r be t/2 - (-4)/8. Let o = -10 - r. Let m(f) = -f**3 + 2*f**2 + f + 4. What is m(o)?
-2
Let p(x) = -x**3 - 3*x**2 + 3. Let t(y) = -y**2 + 8*y - 4. Let j be t(6). Let g = 19 + -15. Suppose 2*u + j = 0, -u - g = -b - 3. Determine p(b).
3
Let k(c) be the second derivative of -c**5/20 - c**4/4 + c**3/3 + c**2/2 - 5*c - 6. Give k(-4).
9
Suppose 0 = 3*q - 0*w - 4*w - 17, -w - 8 = 3*q. Let r(k) = k**2 + k + 3 - 3. Determine r(q).
0
Suppose 3*n = 50 - 53. Let m(g) = g**3 + 2*g**2 - 1. Determine m(n).
0
Let k(f) be the first derivative of 2 + 0*f**2 + 2*f**2 - f - 5*f**2 + 2*f**2. What is k(1)?
-3
Let c(r) = r**2 + 3*r - 1. Suppose -3*x - 8 = 4*d, 3*x - d = -4*d - 9. Let s = -2 + x. Let o(q) = q**2 + 5*q - 4. Let l be o(s). Calculate c(l).
9
Suppose -9 = 6*c + 3. Let y(q) = -q**3 - 2*q**2 - q. Calculate y(c).
2
Let q be 1 - -1 - 2 - -1. Let w(o) = 0*o**3 + o + 0*o**2 - 2*o**2 - q - o**3. Suppose 0 = -283*x + 279*x - 8. What is w(x)?
-3
Let c(z) = z - 10. Let w be c(8). Let d(x) = 7*x + 3. Give d(w).
-11
Suppose 32*l = 29*l. Let p(z) = -z**3 + z**2 - 16. Determine p(l).
-16
Let m = 9 + -5. Let k(p) = -1 + p**3 - p**2 - 3 - 2*p**2 + 7 - 5*p. Calculate k(m).
-1
Let w(l) = -l + 2. Let d be ((-1)/(-2))/(5/(-20)). Let c be (1*d)/(8/(-12)). Calculate w(c).
-1
Let w = 2 + -1. Let u(r) be the third derivative of r**5/20 - r**4/24 - 2*r**3/3 - 2*r**2. Let q(j) be the first derivative of u(j). What is q(w)?
5
Let b(t) = t - 1. Suppose -4*o - 45 = -4*d + 7, d = 4*o + 25. Suppose -3*a = -4*u - d, 2*u + 3 = -0*a + 3*a. Give b(a).
-2
Let c(r) = 5 - 5*r + 4 + 6*r. Let g be c(-8). Let z(y) = 4*y. Calculate z(g).
4
Let f(k) = k**3 - 4*k**2 - 6*k + 4. Let z = -6 - -8. Suppose -z*h + 5*b - 5 = -7*h, 5 = h + 2*b. Let p be -1 + 1 - (-8 - h). Determine f(p).
-1
Let z(m) = m**3 + 4*m**2 + 4*m + 2. Let q be 32/(-20) + 8/(-20). Give z(q).
2
Let p(r) = -2*r + 2. Let w be p(-7). Let j = w - 10. Let g(h) = -h**3 + 5*h**2 + 8*h - 7. What is g(j)?
5
Let d(r) = -7*r + 1. Suppose -2*q - 3 = -1. Let w be d(q). Let m(t) = 2*t - w + t**2 + 6*t + 15 + 0*t**2. Determine m(-5).
-8
Let j(w) = 47*w - 22*w - 19*w + w**2 + 2 - 1. What is j(-6)?
1
Suppose -i - 2*i = 9. Let y be i + 45/(2 + 1). Suppose -q = 2*q + y. Let b(c) = c**2 + 6*c + 2. Calculate b(q).
-6
Let c(u) be the third derivative of 0 - 1/60*u**5 + 0*u + 1/12*u**4 - 1/2*u**3 + 5*u**2. What is c(3)?
-6
Let j(d) = 0 + d + 2 - 3*d + 0*d. What is j(5)?
-8
Let v(z) = z - 1. Let t = -16 - -16. Give v(t).
-1
Suppose 0 = 2*f + 3 + 1. Let z(q) be the second derivative of 1/6*q**4 + 2/3*q**3 + 0 + 3/2*q**2 + 2*q. Determine z(f).
3
Let w(s) = 3*s**2 - 2*s - 1. Suppose -o = 2*o. Let p be o + ((-4)/(-2) - 2). Suppose p*k + 2*q = 4*k - 4, -2 = 4*k - 5*q. What is w(k)?
7
Let i(g) = -5*g**2 - 4*g - 2. Let n = 1 + 3. Let z(j) = j**2. Let u be